rivative of j**4/24 - 7*j**3/6 + 35*j**2 + 2. What is b(17)?
10
Let z(x) = 18 - 441*x + 877*x - 444*x. Give z(4).
-14
Let x(d) be the second derivative of -d**4/12 + 11*d**3/6 - 5*d**2 + 4*d + 48. Determine x(7).
18
Let o(i) be the first derivative of 13*i**6/360 - i**5/120 - i**4/24 + 11*i**3/3 - 37. Let g(d) be the third derivative of o(d). Determine g(-1).
13
Let d(w) = 0*w + 11 + 3*w**2 - w - w**3 + 0*w - 11*w**2. Let a be d(-8). Let m(s) = -2 - 20*s - 1 + a*s. Determine m(-3).
0
Let l(k) = 18 + 8 - 29 + 12 + 2*k. Determine l(-7).
-5
Suppose 0 = 4*o - 4*r - 28, 5*r = -3*o - 5 - 6. Let q(l) = 318*l**2 + 4*l**o + 4*l**3 - 318*l**2. Give q(-1).
-8
Let u = 9 + -11. Let h(w) be the first derivative of 2*w**3/3 - w**2/2 + 2*w - 19. Give h(u).
12
Let b(w) = -w - 16. Let j be (-6)/1 - (42 + -41). Determine b(j).
-9
Let u(v) = v**3 - 6*v**2 + 3*v + 2. Let o = 82 + -77. Let h be u(o). Let j(s) = s**3 + 8*s**2 + s + 5. Calculate j(h).
-3
Let n(g) = -2*g + 2. Let h be n(0). Let y(i) = 4*i**2 - 2*i**2 - 3*i**h - i - 4*i + 7. Let c = 10 - 15. Determine y(c).
7
Let m(q) = q**2 + 9*q - 6. Let p be ((-1360)/(-425))/(2/(-5)). Determine m(p).
-14
Suppose -2*n + 7*d = 2*d - 7, -3*n + d + 17 = 0. Suppose -n*c + 10 = -4*c. Let o(z) = z**3 - 3*z**2 - 6*z - 3. Calculate o(c).
17
Let f(d) be the first derivative of -2*d + 1/2*d**2 - 5 + d**3. Let g = -7 - -5. Calculate f(g).
8
Let a(o) be the second derivative of o**5/20 + o**4/4 - 2*o**3 - 3*o**2/2 - 3*o - 45. Give a(-5).
7
Let r = -7 + 6. Let b be 4 - (r + 2 - -1). Let i(q) = 5*q - 7 - q**b + 3 + 2*q**2. What is i(-5)?
-4
Let k(b) be the third derivative of b + 1/60*b**5 + b**3 + 0 + 1/3*b**4 - 37*b**2. Give k(-7).
-1
Let u be ((-18)/(-63) - 2/7)/1. Suppose -2*q + 4*f = u, 5*q = 4*f - 3*f - 9. Let b(c) = -c**3 - c**2 - 3*c - 2. Give b(q).
8
Let i(u) = 13892*u + 13887*u + 2 + 0 + u**2 + 2 - 27782*u. Determine i(3).
4
Let t(p) be the third derivative of 3/2*p**3 - p**2 + 0*p - 1/8*p**4 + 0. Calculate t(6).
-9
Suppose -c + 1 = -0. Let j = 3 - c. Let s(o) = -o**3 - 7*o**2 - 137 - o + 134 + o**j. Determine s(-6).
3
Suppose 2*w - 8 = -5*v, -4*v + 42 - 32 = -2*w. Let q(t) = t**2 + t - 2. Calculate q(v).
4
Let i(k) = -k**3 + 9*k**2 - 8*k + 12. Suppose -36 + 56 = 2*y - m, -3*m = 3*y - 12. Calculate i(y).
12
Let z(k) = k**2 - k - 1. Let f(u) = 4*u**2 + 2*u - 9. Let g be 1/((-3)/(-12)) + 1. Let r(v) = g*z(v) - f(v). Determine r(5).
-6
Let c(v) be the third derivative of v**6/120 + v**5/5 - v**4/2 + 13*v**3/6 + 2*v**2 + 30*v. Calculate c(-13).
0
Let j(o) = 14*o**3 + o**2 + o - 3. Suppose -4*i + 284 = 280. Determine j(i).
13
Suppose 0 = 4*f + 6 - 18. Suppose -f*g + 43 = -4*x, 3*g + 2*x - 4*x - 53 = 0. Let d be ((-12)/(-14))/((-3)/g). Let a(u) = u**2 + 7*u + 5. Give a(d).
-1
Let g(b) = -b**3 - 6*b**2 - 3*b - 6. Suppose -4*h - 15 = -9*h. Suppose 5*y + 3 = -2*n + 8*y, 0 = -3*n + 5*y - h. What is g(n)?
12
Suppose -5*s + 5 = -3*m - 20, -s - 3*m - 13 = 0. Let d(v) = -v + 1. Let q be d(-1). Let h(w) = -34*w**q + 20*w**2 - 2*w + 0 + 16*w**2 - 2. Determine h(s).
2
Let z(d) = -d + 28. Let l be z(29). Let o(j) = 8*j**3 + 1. Determine o(l).
-7
Let x = -56 + 57. Let j be (18 - 16)/(x*2). Let n(t) = -5*t**2. What is n(j)?
-5
Let g(a) = -2*a - 9. Let h(z) = 3*z + 9. Let b(m) = -6*m + 19. Let o be b(4). Let s(n) = o*h(n) - 6*g(n). What is s(4)?
-3
Suppose 95*l + 12 = 98*l. Let v(t) be the second derivative of 0 - 1/2*t**3 - 2*t + 1/2*t**2. Calculate v(l).
-11
Let j be (-1 + -1)/(4 + -2). Let v(n) = n**3 + n - 1. Let m(x) = -2*x**3 + x**2 - 4*x + 6. Let y(f) = j*m(f) - 3*v(f). Let p = -3 + 3. Give y(p).
-3
Let b(z) = -z**3 + 9*z**2 - 3*z + 4. Let i be b(8). Suppose 4*j + j - x - i = 0, -4*j + 3*x = -33. Let l(w) = -w**3 + 9*w**2 - w + 12. Determine l(j).
3
Let r(u) = -4*u**3 + 11*u**2 - 5. Let h(w) = -w**3 + w**2 - 1. Let d(k) = -5*h(k) + r(k). Suppose -7*i = -289 + 58. Let z be (-187)/i + 1/(-3). What is d(z)?
0
Let r(p) = -2*p**2 - p. Let t(u) = 4*u**2 + 3*u. Let l(h) = -5*r(h) - 2*t(h). Let y(i) = -6*i**2 + 13*i**2 - 8*i**2 - 3*i + 1. Let z be y(-3). Give l(z).
1
Let d(z) be the first derivative of -8/3*z**3 - 6*z - 1/4*z**4 - 2 - 4*z**2. Let n be -7 + (-7 - (32/(-8) - 3)). What is d(n)?
1
Let l(c) = -c**2 + 16*c - 6. Let f be ((-2)/(-25)*5)/((-20)/(-550)). Calculate l(f).
49
Let q(u) = -u. Let d(c) = c**3 - 12*c**2 + 8*c - 8. Let f(x) = d(x) - 4*q(x). What is f(11)?
3
Let q(b) = 12*b**2 - 3*b + 2. Let o(h) = -8*h**2 + 2*h - 2. Let v(w) = -7*o(w) - 5*q(w). Calculate v(2).
-10
Let j(i) be the third derivative of 0 + 0*i - 7/6*i**3 - 5*i**2 - 1/24*i**4. Give j(-5).
-2
Let u(q) = q**3 + 3*q**2 - 2. Suppose -9*k - 113 = -86. Give u(k).
-2
Let t(k) = k**2 - 21*k + 40. Let j be t(19). Suppose -3*q = -j*q + 10. Let r(m) = -m**3 - 11*m**2 - 9*m + 8. Give r(q).
-2
Let c(x) = -15*x + 1. Let w = -161 - -160. What is c(w)?
16
Suppose 5*q = k + 46 - 23, -5*q + 35 = -5*k. Let j(h) be the first derivative of -h**2/2 + 3*h + 5. Give j(k).
6
Let c(l) = -10*l + 4. Suppose 10 = -4*n + 3*h, 2*n - 2 = 3*h - 4. Give c(n).
44
Let v(b) = 4*b**3 - 4*b**2 + 4*b - 13. Let h(c) = c**3 - 2*c**2 + c - 4. Let q(p) = 7*h(p) - 2*v(p). What is q(-6)?
4
Let g(t) = -t**3 - t**2 + 2*t + 1. Let v(k) = -k**2 - k - 1. Let x be -7 + 11 + (-2 - -3)*-3. Let b(o) = x*g(o) + v(o). Determine b(-3).
6
Let u(f) be the second derivative of 5*f**3/6 - f**2 - f. Suppose -30 = -6*l + 18. Let z be 5/4 - (-6)/l. What is u(z)?
8
Suppose 130 = 5*r + 95. Let j(n) be the third derivative of -n**3 + 0 + 1/24*n**4 + 2*n**2 + 0*n. Calculate j(r).
1
Let w(t) = t**3 - 6*t**2 - 2*t. Let f = 25 - 20. Determine w(f).
-35
Let y(q) = 2*q**3 - 5*q**2 - 7*q - 3. Let d(m) = m**3 - 6*m**2 - 5*m - 4. Let w(n) = -3*d(n) + 2*y(n). Calculate w(-8).
-2
Let x = 7 - 1. Let g(a) be the second derivative of a**6/720 - a**4/4 + 10*a. Let h(u) be the third derivative of g(u). Give h(x).
6
Let b(o) = -o**3 - 6*o**2 - 6*o - 1. Suppose -8 = 8*x + 32. What is b(x)?
4
Let h(r) = 0 - 5 + 17*r - 31*r + 16*r. Give h(7).
9
Let s(o) = 2*o**3 - 8*o**2 - 11*o + 11. Let d(g) = -g**3 - g**2 - 3. Let l(a) = 3*d(a) + s(a). Calculate l(-10).
12
Let l be -2*(25/(-10))/5. Let k = -6 + 10. Let p(i) = k*i - i + 0*i - i. What is p(l)?
2
Suppose 4*g = 8*g. Suppose -5*r + 0*l - 3*l + 18 = g, 46 = 5*r - 4*l. Suppose 8 = r*o - 2*o. Let i(v) = -v**2 + v. Give i(o).
-2
Let y(u) = u**3 + 3*u**2 - 8*u - 3. Let m(f) = 2*f**3 - 13*f**2 - 6*f - 2. Let c be m(7). Suppose 3*q - c*w + 3 = -8*w, 12 = 3*w. What is y(q)?
-13
Let u(y) = 374*y - 40 + 378*y + y**2 - 767*y. What is u(17)?
-6
Let v(g) = 3*g + 2*g - 8 - 3*g. Let p(n) = -3*n + 15. Let h(t) = -3*p(t) - 5*v(t). Give h(-4).
-1
Let d(q) be the second derivative of q**4/4 - 19*q**3/3 - 7*q**2/2 + 2*q - 324. Calculate d(13).
6
Suppose 0 = -5*i + 5*g + 30, i + 2 - 8 = 5*g. Suppose -72 + 18 = -i*q. Let s(p) = -p**3 + 9*p**2 - 2*p - 1. Calculate s(q).
-19
Suppose -2*b = -7*b + 125. Suppose w + 7 = -z, -w - b = 3*w + z. Let u be 1/2 - (-9)/w. Let l(m) = -9*m**3 + 2*m**2 - 1. Determine l(u).
10
Let i(n) = -n**3 + 4*n**2 + 10*n - 7. Suppose 22*f - 66 = 66. Calculate i(f).
-19
Let c(r) = -7*r + 18*r + 5 - 5*r - 4*r - 4*r. Determine c(-6).
17
Let w(d) = d**3 - 7*d**2 + 6*d - 16. Let h(i) = i**3 - 12*i**2 + 6*i - 16. Let z(c) = 3*h(c) - 4*w(c). Calculate z(-7).
9
Let r = -105 + 106. Let w(z) be the first derivative of 3*z - r - 1/3*z**3 - 7/2*z**2. Determine w(-5).
13
Let r(n) be the first derivative of -5*n**2/2 + 12*n - 205. Calculate r(5).
-13
Let r(m) be the first derivative of -1/20*m**5 + m**2 - 5*m + 2/3*m**3 + 1/3*m**4 + 4. Let w(o) be the first derivative of r(o). What is w(5)?
-3
Let g = -12 + 30. Let n = -14 + g. Let d(l) = -l**3 + 3*l**2 + 4*l + 1. Calculate d(n).
1
Let f(p) = -4*p**2 + 3*p**2 - 6*p**2 - 12*p + 9*p**2 + p - 6. Determine f(5).
-11
Suppose 5*j - 6 = 3*j. Let a be (j + 0)/(-5 + 6). Let u(k) = k**3 - 4*k**2 + 4*k - 3. What is u(a)?
0
Let h(t) = 11*t**2 - 10*t + 5. Let w(n) = -56*n**2 + 52*n - 26. Let s(k) = -16*h(k) - 3*w(k). Determine s(3).
-62
Let i(d) be the second derivative of 12*d + d**2 + 0 + 1/2*d**4 - 1/20*d**5 - d**3. Determine i(5).
-3
Suppose 45 = 9*a - 45. Suppose 65*r = 60*r - a. Let j(v) = v**3 + 3*v**2 + v. Give j(r).
2
Let j(y) = -y**3 + 8*y**2 + 6*y + 6. Let k(v) = 